{"id":668,"date":"2026-04-16T23:04:00","date_gmt":"2026-04-16T21:04:00","guid":{"rendered":"https:\/\/schlossbarntrup.de\/?post_type=konzert&#038;p=668"},"modified":"2026-04-16T23:17:33","modified_gmt":"2026-04-16T21:17:33","slug":"emilija-mladenovic-und-roman-balatel","status":"publish","type":"konzert","link":"https:\/\/schlossbarntrup.de\/english\/konzert\/emilija-mladenovic-und-roman-balatel\/","title":{"rendered":"Emilija Mladenovi\u0107 und Roman Balatel"},"content":{"rendered":"<p>Eingestimmt werden die diesj\u00e4hrigen Barntruper Schlosskonzerte mit einem Duo aus Cello und Akkordeon.<\/p>\n\n\n\n<p>Der Akkordeonist <strong>Roman Balatel<\/strong> (geb. 1996) stammt aus der Republik Moldau und begann sein musikalisches Leben im Alter von 8 Jahren an der Kunstschule bei Prof. Tatiana Bobeica. 2016 schloss er seine Ausbildung am Kollegium f\u00fcr Musik \u201eStefan Neaga\u201c in Chisinau bei Prof. Sergiu Mirzac ab. Derzeit studiert er im Bachelorstudiengang \u201eFreischaffender Musiker\u201c an der Hochschule f\u00fcr Musik Detmold bei Prof. Marko Kassl. 2017\u20132019 war er Mitglied der Concertino Accordion Band der Nationalphilharmonie \u201eSerghei Lunchevici\u201c in Chisinau und nahm an Tourneen durch Europa teil. 2022 war er als Akkordeonist an der Produktion der Kinderoper \u201eGlas\u201c des Komponisten Caio de Azevedo an der Deutschen Oper am Rhein beteiligt. 2024 gewann er den DHV Komponistenpreis Wolfgang Jacobi f\u00fcr seine Interpretation der \u201eS\u00e9r\u00e9nade\u201c aus Jacobis \u201eDivertissement pour accord\u00e9on\u201c.<\/p>\n\n\n\n<p>Die serbische Cellistin <strong>Emilija Mladenovi\u0107<\/strong> (geb. 1999) erlernte ihr Instrument bereits im fr\u00fchen Kindesalter. Als Jahrgangsbeste schloss sie die Musikschule und das Musikgymnasium in Belgrad in der Klasse ihres Vaters, Prof. Milutin Mladenovi\u0107, ab. Derzeit studiert sie im Masterstudiengang \u201eSoloist\u201c an der Hochschule f\u00fcr Musik Detmold bei Prof. Alexander Gebert, nachdem sie dort zuvor ihr Bachelorstudium bei Prof. Xenia Jankovic und Prof. Alexander Gebert absolviert hat. Sie war Stipendiatin der Sibylle-und-Hannes-Franck-Stiftung, ist dreifache Deutschlandstipendiatin und erhielt den DAAD-Preis f\u00fcr Internationale Studierende. Emilija Mladenovi\u0107 ist als Solistin und Kammermusikerin vielfach ausgezeichnet, etwa mit dem 2. Preis beim Detmolder Auryn Wettbewerb 2022. Solo-Konzertauftritte f\u00fchrten sie nach Z\u00fcrich, Ljubljana, Ettal, B\u00fcckeburg, Eisleben, Detmold, Artern, K\u00f6ln und Belgrad. 2023\u20132025 war sie Akademistin der Deutschen Oper Berlin. Zuvor sammelte sie pr\u00e4gende Orchestererfahrungen, u.a. im Gustav Mahler Jugendorchester, bei der European Philharmonic of Switzerland, den Tiroler Festspielen Erl und, als Solo-Cellistin, in der Deutsch-Skandinavischen Jugend-Philharmonie und dem Orquestra Vigo 430.<\/p>\n\n\n\n<p><\/p>","protected":false},"featured_media":674,"template":"","meta":{"_acf_changed":false,"_seopress_robots_primary_cat":"","_seopress_titles_title":"","_seopress_titles_desc":"","_seopress_robots_index":""},"konzertkategorie":[],"class_list":["post-668","konzert","type-konzert","status-publish","has-post-thumbnail","hentry"],"acf":[],"_links":{"self":[{"href":"https:\/\/schlossbarntrup.de\/english\/wp-json\/wp\/v2\/konzert\/668","targetHints":{"allow":["GET"]}}],"collection":[{"href":"https:\/\/schlossbarntrup.de\/english\/wp-json\/wp\/v2\/konzert"}],"about":[{"href":"https:\/\/schlossbarntrup.de\/english\/wp-json\/wp\/v2\/types\/konzert"}],"wp:featuredmedia":[{"embeddable":true,"href":"https:\/\/schlossbarntrup.de\/english\/wp-json\/wp\/v2\/media\/674"}],"wp:attachment":[{"href":"https:\/\/schlossbarntrup.de\/english\/wp-json\/wp\/v2\/media?parent=668"}],"wp:term":[{"taxonomy":"konzertkategorie","embeddable":true,"href":"https:\/\/schlossbarntrup.de\/english\/wp-json\/wp\/v2\/konzertkategorie?post=668"}],"curies":[{"name":"wp","href":"https:\/\/api.w.org\/{rel}","templated":true}]}}

Emilija Mladenović und Roman Balatel

<p>Eingestimmt werden die diesjährigen Barntruper Schlosskonzerte mit einem Duo aus Cello und Akkordeon.</p>



<p>Der Akkordeonist <strong>Roman Balatel</strong> (geb. 1996) stammt aus der Republik Moldau und begann sein musikalisches Leben im Alter von 8 Jahren an der Kunstschule bei Prof. Tatiana Bobeica. 2016 schloss er seine Ausbildung am Kollegium für Musik „Stefan Neaga“ in Chisinau bei Prof. Sergiu Mirzac ab. Derzeit studiert er im Bachelorstudiengang „Freischaffender Musiker“ an der Hochschule für Musik Detmold bei Prof. Marko Kassl. 2017–2019 war er Mitglied der Concertino Accordion Band der Nationalphilharmonie „Serghei Lunchevici“ in Chisinau und nahm an Tourneen durch Europa teil. 2022 war er als Akkordeonist an der Produktion der Kinderoper „Glas“ des Komponisten Caio de Azevedo an der Deutschen Oper am Rhein beteiligt. 2024 gewann er den DHV Komponistenpreis Wolfgang Jacobi für seine Interpretation der „Sérénade“ aus Jacobis „Divertissement pour accordéon“.</p>



<p>Die serbische Cellistin <strong>Emilija Mladenović</strong> (geb. 1999) erlernte ihr Instrument bereits im frühen Kindesalter. Als Jahrgangsbeste schloss sie die Musikschule und das Musikgymnasium in Belgrad in der Klasse ihres Vaters, Prof. Milutin Mladenović, ab. Derzeit studiert sie im Masterstudiengang „Soloist“ an der Hochschule für Musik Detmold bei Prof. Alexander Gebert, nachdem sie dort zuvor ihr Bachelorstudium bei Prof. Xenia Jankovic und Prof. Alexander Gebert absolviert hat. Sie war Stipendiatin der Sibylle-und-Hannes-Franck-Stiftung, ist dreifache Deutschlandstipendiatin und erhielt den DAAD-Preis für Internationale Studierende. Emilija Mladenović ist als Solistin und Kammermusikerin vielfach ausgezeichnet, etwa mit dem 2. Preis beim Detmolder Auryn Wettbewerb 2022. Solo-Konzertauftritte führten sie nach Zürich, Ljubljana, Ettal, Bückeburg, Eisleben, Detmold, Artern, Köln und Belgrad. 2023–2025 war sie Akademistin der Deutschen Oper Berlin. Zuvor sammelte sie prägende Orchestererfahrungen, u.a. im Gustav Mahler Jugendorchester, bei der European Philharmonic of Switzerland, den Tiroler Festspielen Erl und, als Solo-Cellistin, in der Deutsch-Skandinavischen Jugend-Philharmonie und dem Orquestra Vigo 430.</p>



<p></p>
